
1
What is the ten thousands digit of 639784999?
8
What is the millions digit of 44591509?
4
What is the millions digit of 1687098834?
7
What is the units digit of 14127074?
4
What is the units digit of 26113667?
7
What is the millions digit of 46498706?
6
What is the ten millions digit of 898155690?
9
What is the hundreds digit of 1526343466?
4
What is the units digit of 43346209?
9
What is the hundred thousands digit of 38272611?
2
What is the units digit of 1117677366?
6
What is the tens digit of 624930676?
7
What is the thousands digit of 824668862?
8
What is the hundreds digit of 13266625?
6
What is the millions digit of 2620048245?
0
What is the hundred millions digit of 101048138?
1
What is the hundreds digit of 244180893?
8
What is the thousands digit of 279667488?
7
What is the units digit of 3452769488?
8
What is the tens digit of 193762310?
1
What is the ten millions digit of 2320624646?
2
What is the ten millions digit of 1441099489?
4
What is the thousands digit of 138050227?
0
What is the thousands digit of 246788552?
8
What is the hundred thousands digit of 28951709?
9
What is the millions digit of 89983184?
9
What is the ten millions digit of 117796269?
1
What is the thousands digit of 25081168?
1
What is the units digit of 2427713156?
6
What is the tens digit of 66902732?
3
What is the hundred millions digit of 103827528?
1
What is the tens digit of 1776169452?
5
What is the units digit of 48400019?
9
What is the thousands digit of 2302728612?
8
What is the thousands digit of 99182075?
2
What is the hundreds digit of 4153584326?
3
What is the thousands digit of 260942740?
2
What is the hundreds digit of 121912129?
1
What is the ten thousands digit of 530508878?
0
What is the ten millions digit of 2691872692?
9
What is the ten thousands digit of 360306567?
0
What is the hundred thousands digit of 88938420?
9
What is the tens digit of 7373267132?
3
What is the hundreds digit of 3882893917?
9
What is the ten thousands digit of 40004100?
0
What is the hundred millions digit of 773576798?
7
What is the hundreds digit of 4546757381?
3
What is the thousands digit of 2371680100?
0
What is the thousands digit of 1582910753?
0
What is the tens digit of 306974567?
6
What is the units digit of 564666494?
4
What is the thousands digit of 285286509?
6
What is the ten millions digit of 71929539?
7
What is the hundreds digit of 1866486411?
4
What is the ten thousands digit of 516750885?
5
What is the tens digit of 937080958?
5
What is the hundreds digit of 427971229?
2
What is the units digit of 58153760?
0
What is the millions digit of 4878981?
4
What is the hundred millions digit of 472005920?
4
What is the ten millions digit of 71551883?
7
What is the hundreds digit of 61084063?
0
What is the ten thousands digit of 622920882?
2
What is the hundred thousands digit of 541658197?
6
What is the ten millions digit of 102016093?
0
What is the hundred thousands digit of 9643347?
6
What is the thousands digit of 134622882?
2
What is the hundreds digit of 49902992?
9
What is the hundred millions digit of 1016798116?
0
What is the units digit of 332048144?
4
What is the units digit of 801671856?
6
What is the millions digit of 239036446?
9
What is the ten millions digit of 1516678331?
1
What is the hundred thousands digit of 13620310?
6
What is the millions digit of 185163880?
5
What is the tens digit of 333844909?
0
What is the thousands digit of 449993767?
3
What is the hundred millions digit of 291136818?
2
What is the ten millions digit of 97947451?
9
What is the tens digit of 4148579785?
8
What is the hundred millions digit of 6438300486?
4
What is the hundred thousands digit of 792132978?
1
What is the hundred millions digit of 2321849094?
3
What is the millions digit of 31447095?
1
What is the tens digit of 1306502814?
1
What is the hundred thousands digit of 67225605?
2
What is the thousands digit of 2852285021?
5
What is the ten millions digit of 144779569?
4
What is the ten thousands digit of 2302104300?
0
What is the thousands digit of 1319689917?
9
What is the hundred thousands digit of 406937276?
9
What is the hundreds digit of 1080218440?
4
What is the hundred millions digit of 150441731?
1
What is the hundred thousands digit of 78675585?
6
What is the billions digit of 1092675740?
1
What is the units digit of 229680397?
7
What is the ten thousands digit of 4926086?
2
What is the ten thousands digit of 47111710?
1
What is the thousands digit of 58855737?
5
What is the hundred thousands digit of 113996499?
9
What is the units digit of 8606775?
5
What is the millions digit of 995936582?
5
What is the thousands digit of 62880276?
0
What is the hundred thousands digit of 616796460?
7
What is the hundreds digit of 167980576?
5
What is the hundred thousands digit of 75437761?
4
What is the billions digit of 1924568088?
1
What is the ten millions digit of 170248412?
7
What is the hundreds digit of 50302331?
3
What is the hundred thousands digit of 51395782?
3
What is the thousands digit of 22740958?
0
What is the hundred thousands digit of 4034442382?
4
What is the hundred thousands digit of 67240532?
2
What is the thousands digit of 148690755?
0
What is the ten thousands digit of 36128582?
2
What is the millions digit of 270135349?
0
What is the tens digit of 331199680?
8
What is the hundreds digit of 5768123?
1
What is the ten millions digit of 53692150?
5
What is the ten millions digit of 816226614?
1
What is the ten thousands digit of 39769955?
6
What is the hundred thousands digit of 1497390345?
3
What is the hundreds digit of 3478626?
6
What is the ten thousands digit of 16740258?
4
What is the ten thousands digit of 17153856?
5
What is the ten thousands digit of 186576767?
7
What is the units digit of 8238561?
1
What is the tens digit of 226506435?
3
What is the ten thousands digit of 30365933?
6
What is the hundred thousands digit of 3497866398?
8
What is the ten thousands digit of 216409550?
0
What is the units digit of 385818776?
6
What is the units digit of 159699950?
0
What is the hundred thousands digit of 40352338?
3
What is the ten thousands digit of 34987056?
8
What is the hundred thousands digit of 1532992802?
9
What is the ten thousands digit of 1017971678?
7
What is the units digit of 75584739?
9
What is the hundred thousands digit of 919651577?
6
What is the tens digit of 1479301844?
4
What is the ten millions digit of 6977015252?
7
What is the millions digit of 157495672?
7
What is the thousands digit of 277005928?
5
What is the units digit of 75338936?
6
What is the ten millions digit of 49056067?
4
What is the thousands digit of 120811075?
1
What is the billions digit of 1244458092?
1
What is the units digit of 4075107361?
1
What is the hundred millions digit of 361909846?
3
What is the hundred millions digit of 4196710908?
1
What is the hundreds digit of 4071039188?
1
What is the ten millions digit of 56858906?
5
What is the hundred thousands digit of 4071434?
0
What is the hundred thousands digit of 3687485?
6
What is the millions digit of 572636899?
2
What is the tens digit of 721813845?
4
What is the tens digit of 79631499?
9
What is the hundred thousands digit of 502564872?
5
What is the hundred thousands digit of 3533333691?
3
What is the millions digit of 345808786?
5
What is the ten millions digit of 5063350586?
6
What is the ten millions digit of 31482706?
3
What is the hundreds digit of 57463760?
7
What is the hundred thousands digit of 29078047?
0
What is the hundred millions digit of 1961184018?
9
What is the millions digit of 157348083?
7
What is the hundred thousands digit of 65615341?
6
What is the ten thousands digit of 254386740?
8
What is the hundred millions digit of 3285201866?
2
What is the hundreds digit of 3606594?
5
What is the units digit of 2237700449?
9
What is the thousands digit of 1736230?
6
What is the ten millions digit of 2420696874?
2
What is the tens digit of 83674829?
2
What is the millions digit of 80753329?
0
What is the millions digit of 92063155?
2
What is the ten millions digit of 28600090?
2
What is the tens digit of 91762833?
3
What is the thousands digit of 607947477?
7
What is the ten millions digit of 552932147?
5
What is the hundreds digit of 807266124?
1
What is the h